8). Calculate the greatest common divisor of a and s.
11
Let w(p) = p**3 - 3*p**2 - 5*p - 5. Let j be w(5). Suppose 2*k = 6*k + j. Let d be (-6 + -3)/(1/k). Calculate the highest common factor of 5 and d.
5
Suppose -m + l + 3 = -2*m, -5*l = 4*m + 14. Let s be -2 - -16 - 1*m. Let v be 2/17 + (-3036)/(-204). What is the highest common divisor of s and v?
15
Let w(q) = -q**2 + 3*q + 2. Let z be w(3). Suppose -z*d = d - 21. Let b be (-2 - (-3)/2)*-2. What is the greatest common divisor of b and d?
1
Suppose 0*c = 3*c + 9. Let g be (c + -2 + 43)/2. Calculate the greatest common factor of g and 114.
19
Let w(m) = m**3 - 4*m**2 + 2*m - 3. Let x be w(4). Suppose -2*d + 2*b = 4*b - 256, x*d = 4*b + 676. What is the greatest common factor of d and 22?
22
Suppose 15*q - 17*q + 350 = 0. What is the greatest common factor of q and 35?
35
Suppose 5*v - 438 = -48. What is the highest common factor of v and 26?
26
Let z(l) = -l**3 + 14*l**2 - 13*l - 2. Let q be z(9). Suppose k - q = -k. Calculate the greatest common divisor of k and 13.
13
Let f = 17 + 11. Calculate the greatest common factor of 4 and f.
4
Suppose m = -3*y + 20, -15 = -5*y + 5. Calculate the highest common factor of m and 32.
8
Let j be (-3)/(-9) - 20/(-3). Suppose -3*q + p + 229 = 0, -5*q + 379 = -p - 2*p. Calculate the greatest common factor of q and j.
7
Suppose -90 = -10*u + 5*u. Let l(x) = 11*x - 21. Let b be l(15). What is the greatest common divisor of u and b?
18
Let p(u) = -2 - 4 + 5*u**2 - 9*u + 6*u. Let m be p(-6). Calculate the highest common divisor of 24 and m.
24
Let o(v) = -3*v - 2. Let i be o(-2). Suppose -428 = -3*n - 2*m, 2*n - i*m - 286 = -5*m. Calculate the greatest common divisor of n and 18.
18
Suppose -d + 5 = k - 5, -3*d - 4*k = -32. Let h be (d*5/(-2))/(-1). What is the greatest common factor of 10 and h?
10
Suppose 36 = -a + 4*a. Let i be 17/5 - 2/5. Suppose 0 = w + i - 7. What is the greatest common factor of a and w?
4
Suppose -3*t + 35 + 199 = 2*z, 4*t + 3*z - 311 = 0. What is the greatest common divisor of 32 and t?
16
Let s(z) = z**2 + 12*z + 4. Let a be s(-18). Calculate the highest common divisor of a and 16.
16
Suppose k + 0 = 2*t + 2, 0 = -k - 5*t + 9. Suppose k*z + 2*w - 152 = -0*w, -113 = -3*z - 2*w. What is the greatest common divisor of 26 and z?
13
Let y(z) = -z**3 - 17*z**2 - 9*z - 33. Let w be y(-17). Let f = 133 - 4. Let i = -81 + f. What is the highest common divisor of i and w?
24
Let f(s) = 2*s**2 - 12*s - 39. Let a be f(-6). What is the greatest common divisor of 15 and a?
15
Suppose 0 = 5*n + 3*n - 112. What is the greatest common divisor of 7 and n?
7
Let n(x) = 200*x**2 - 1. Let b be n(-1). Suppose 0 = 3*u + r - 1160, 3*u - 2*r - 757 = 397. Let c = u - b. Calculate the highest common divisor of c and 17.
17
Suppose 5*l + 8 = -g + 145, l = -2*g + 292. Suppose -2*i + 3 = -g. What is the greatest common divisor of i and 15?
15
Suppose v - 28 = -3*d - 0*v, -5*d + 36 = -v. Calculate the highest common factor of 20 and d.
4
Suppose 2*r + 26 = 2*d, -3*d - 5*r + 12 = -51. Calculate the greatest common divisor of d and 4.
4
Let a be (1 - 0) + -1 - -12. Let q = 40 - 24. Let j be (2 - q)*(-60)/14. What is the greatest common divisor of a and j?
12
Let i(d) = -d - 1. Let x be i(-5). Suppose -x + 18 = 2*h. Let m be (-4)/(-14) + 388/14. What is the greatest common factor of m and h?
7
Suppose 0 = -4*c + 18 + 18. Let u be (-140)/6*(3 - 0). Let z = u - -106. Calculate the highest common factor of c and z.
9
Let v = 8 + -29. Let s be 72/(-33) - 2/(-11). Let r be (v/s)/((-15)/(-80)). What is the greatest common divisor of 14 and r?
14
Suppose 524 = 4*l + 92. What is the highest common factor of l and 24?
12
Let j(h) = -h**2 + 31*h - 79. Let x be j(28). Suppose 3*q - q - 85 = -5*c, 0 = -3*q - 4*c + 117. Calculate the greatest common factor of q and x.
5
Let b = 16 + -17. Let v = 12 + b. Calculate the greatest common factor of 55 and v.
11
Let a be ((-63)/(-28))/(1/(-4)). Let u(s) = s**3 + 10*s**2 + 9*s + 3. Let w be u(a). What is the greatest common factor of w and 24?
3
Let t(d) = 6*d**2 - d + 1. Let a = 4 + 2. Let y(h) = h - 5. Let n be y(a). Let i be t(n). Calculate the highest common divisor of 12 and i.
6
Suppose 1 = -b - 0, -2*d + 115 = 5*b. Calculate the highest common divisor of d and 12.
12
Let j = 96 - 66. Suppose -15*d + 13*d = -240. What is the greatest common factor of j and d?
30
Let b = -1 + 1. Suppose -5*c + 4*a + 521 = b, 2*c - 3*c - 5*a + 110 = 0. What is the highest common divisor of 15 and c?
15
Let t = 106 + -101. What is the greatest common divisor of t and 10?
5
Let a(j) = 6*j**2 + 3*j - 3. Let o be a(-5). What is the highest common divisor of 12 and o?
12
Let z = 128 - 77. What is the greatest common divisor of z and 34?
17
Suppose 0 = -0*x + 3*x - 72. What is the greatest common divisor of 8 and x?
8
Suppose -8 + 23 = 5*h. Suppose -14 - h = -y. Let c = 15 + 36. What is the greatest common factor of y and c?
17
Suppose 5*h + 0*u - 20 = 3*u, 2*u + 4 = h. What is the greatest common divisor of h and 12?
4
Let k = 80 - 64. Calculate the highest common factor of k and 4.
4
Let d(l) = -l**2 - 3*l - 2. Let z be d(-2). Suppose z*y + 56 = 2*y. What is the greatest common divisor of 4 and y?
4
Let f = -31 - -53. What is the highest common divisor of 2 and f?
2
Let w = -42 + 69. Let z = 23 + -20. What is the highest common factor of w and z?
3
Let d be 5*(-3)/(-1) - -1. Calculate the greatest common divisor of d and 176.
16
Let i(o) = -o**2 - 12*o - 4. Let b be i(-11). What is the greatest common factor of 1 and b?
1
Let n(w) be the second derivative of w**4/12 - w**3 + w**2 + 3*w. Let h be n(8). Suppose -6*o + h = -3*o. What is the greatest common factor of o and 30?
6
Let j(b) = 58*b**2 - 3*b + 2. Let y be j(1). Calculate the greatest common divisor of y and 38.
19
Let i be -5 + 17 + -4 + 1. Let f = -67 + 25. Let p = f + 105. What is the highest common divisor of i and p?
9
Suppose -45 = 4*c - 145. Calculate the greatest common factor of c and 10.
5
Let x be 0*(-2)/(-5 + 3). Suppose 4*q - 3*j = j + 128, 5*j + 10 = x. Let y = 26 + -6. What is the greatest common factor of y and q?
10
Let x be (-46 + 6)/(((-12)/9)/2). What is the highest common divisor of 15 and x?
15
Suppose 2*g + 130 = -176. Let p be (3*-1)/(-3) - g. Suppose 0 = 5*r + 3*a - 8*a - 45, 3*a = r + 1. Calculate the highest common divisor of p and r.
14
Let c = 5 + 9. What is the highest common factor of c and 42?
14
Suppose -2*w + 294 = r, -4*r + 69 = 3*w - 367. What is the highest common factor of 37 and w?
37
Suppose 20 = -2*q - 3*q - 4*i, 2*i = 5*q - 10. Suppose 3*f = 2*g - 7*g + 95, -f = q. Suppose -3*u + 71 = -g. What is the greatest common divisor of u and 6?
6
Let b(l) = l**3 - 13*l**2 - 17*l + 18. Let m be b(14). Let c = m - -34. Calculate the highest common factor of c and 40.
10
Suppose y + 2*y = 5*z + 76, -5*z = 10. What is the greatest common divisor of y and 22?
22
Let j(c) = -c**3 - 2*c**2 + 2*c + 96. Let x be j(0). Let r = x + -24. What is the greatest common divisor of 8 and r?
8
Suppose -23 - 1 = -4*f. Let d = f + -1. Suppose 2*m - 2*v - 80 = 0, -m - 3*v + d*v = -45. Calculate the greatest common factor of 5 and m.
5
Let k = -686 - -1016. What is the highest common factor of k and 30?
30
Let g(c) = -10*c + 0 + 1 + 0 + 18*c**2 - 6*c**2 - c**3. Let d be g(9). Calculate the greatest common divisor of d and 22.
22
Let z = -118 - -140. What is the greatest common divisor of 22 and z?
22
Suppose -o + 0*o = -8. What is the highest common divisor of o and 32?
8
Let l(x) = -x**3 - 11*x**2 - 10*x + 10. Let g = -28 - -18. Let n be l(g). Calculate the highest common factor of 5 and n.
5
Let m = 8 - -1. Suppose 4*b + 5*q - m - 27 = 0, -b + 8 = q. Suppose b*n + 4 = 40. Calculate the highest common divisor of n and 45.
9
Let m(v) = -18*v**3 - v**2 - v - 1. Let u be m(-1). What is the greatest common factor of u and 34?
17
Let o = 6 + -3. Suppose -2*q - 5 + 1 = 0. Let s = q + 3. What is the greatest common divisor of s and o?
1
Suppose 22*v + 189 = 31*v. Suppose 758 = 4*b - f, 12 - 4 = -4*f. What is the highest common factor of v and b?
21
Suppose -5*d - z + 28 = 0, -2*z + 31 = 2*d + 3*d. Calculate the highest common divisor of 25 and d.
5
Suppose 0 = l - 2*o + 5, -o + 18 = 2*l